5 a multiple of 65?
True
Does 40 divide 72080?
True
Is 131150 a multiple of 50?
True
Does 523 divide 1942422?
True
Is 304720 a multiple of 45?
False
Is 6833597 a multiple of 10?
False
Is 8 a factor of 119544?
True
Is 398 a factor of 217637?
False
Is 64 a factor of 119819?
False
Is 288166 a multiple of 41?
False
Does 4 divide 1105836?
True
Is 261846 a multiple of 61?
False
Is 477396 a multiple of 26?
False
Is 1443777 a multiple of 386?
False
Does 492 divide 408192?
False
Is 26 a factor of 285246?
True
Is 392 a factor of 5157653?
False
Is 220633 a multiple of 43?
True
Is 267120 a multiple of 742?
True
Is 54607 even?
False
Is 370968 a multiple of 116?
True
Does 5 divide 25980?
True
Does 927 divide 7255337?
False
Is 147 a factor of 526308?
False
Does 403 divide 1595880?
True
Is 39248 a multiple of 8?
True
Is 8 a factor of 1793024?
True
Is 393 a factor of 1955175?
True
Is 3517673 a multiple of 47?
False
Does 97 divide 205349?
True
Is 363 a factor of 268800?
False
Is 281 a factor of 127697?
False
Does 164 divide 443771?
False
Does 11 divide 10534?
False
Is 53 a factor of 4974896?
False
Does 301 divide 4729011?
True
Is 3 a factor of 11421?
True
Does 31 divide 1225084?
False
Does 11 divide 522687?
True
Is 2984482 a multiple of 16?
False
Does 1320 divide 438240?
True
Is 164323 a multiple of 197?
False
Is 14 a factor of 79198?
True
Is 938919 a multiple of 47?
True
Does 9 divide 66438?
True
Is 64713 a multiple of 33?
True
Does 57 divide 433428?
True
Is 14 a factor of 50736?
True
Is 42 a factor of 360276?
True
Is 260 a factor of 1370757?
False
Is 164 a factor of 46962?
False
Does 25 divide 728?
False
Is 153 a factor of 1781204?
False
Does 22 divide 399622?
False
Is 909306 a multiple of 23?
False
Is 68 a factor of 559096?
True
Is 45 a factor of 23633?
False
Is 464166 a multiple of 321?
True
Is 272633 a multiple of 211?
False
Is 72 a factor of 294552?
True
Is 36 a factor of 2107382?
False
Is 6477089 a multiple of 67?
False
Does 52 divide 91622?
False
Is 9750 a multiple of 58?
False
Is 39040 a multiple of 8?
True
Is 262426 a multiple of 70?
False
Is 3127080 a multiple of 690?
True
Is 362328 a multiple of 9?
False
Does 16 divide 892880?
True
Is 40 a factor of 384332?
False
Is 391664 a multiple of 13?
True
Does 38 divide 7652972?
True
Is 4125489 a multiple of 57?
True
Does 2 divide 294779?
False
Does 8 divide 742040?
True
Is 11396707 a multiple of 997?
True
Is 333844 a multiple of 251?
False
Does 237 divide 114234?
True
Is 520920 a multiple of 180?
True
Is 27 a factor of 438222?
False
Is 48 a factor of 9558960?
True
Is 1395186 a multiple of 1242?
False
Does 38 divide 41759?
False
Is 871108 a multiple of 232?
False
Is 2596656 a multiple of 2?
True
Is 5125 a multiple of 6?
False
Does 315 divide 1744333?
False
Does 26 divide 3399448?
True
Is 13 a factor of 2034?
False
Is 3278652 a multiple of 78?
True
Does 16 divide 9350576?
True
Does 57 divide 10260?
True
Is 2679449 a multiple of 21?
False
Is 3130 a multiple of 34?
False
Is 11 a factor of 2200979?
True
Is 528817 a multiple of 498?
False
Is 1147562 a multiple of 598?
True
Is 834577 a multiple of 30?
False
Is 507 a factor of 306861?
False
Does 474 divide 179646?
True
Is 949886 a multiple of 19?
True
Does 140 divide 4829580?
True
Does 213 divide 508491?
False
Is 397840 a multiple of 707?
False
Is 9 a factor of 8097145?
False
Is 92469 a multiple of 196?
False
Is 2376018 a multiple of 4?
False
Is 141 a factor of 61915?
False
Is 34679 a multiple of 107?
False
Does 30 divide 7737488?
False
Is 10 a factor of 275570?
True
Does 14 divide 77830?
False
Does 14 divide 10814?
False
Does 6 divide 9701977?
False
Is 247703 a multiple of 19?
True
Does 64 divide 74340?
False
Is 119 a factor of 31766284?
False
Does 61 divide 701789?
False
Is 27 a factor of 3051?
True
Is 8639 a multiple of 2?
False
Is 1044 a factor of 7280239?
False
Does 1027 divide 1749498?
False
Is 1990264 a multiple of 46?
False
Is 348680 a multiple of 35?
False
Does 667 divide 10256072?
False
Does 17 divide 326536?
True
Does 375 divide 557116?
False
Does 41 divide 2002?
False
Is 91 a factor of 1011192?
True
Is 9155 a multiple of 546?
False
Is 1135881 a multiple of 61?
True
Is 15 a factor of 4062840?
True
Does 18 divide 271782?
True
Does 24 divide 22080?
True
Is 39786 a multiple of 25?
False
Does 251 divide 3838171?
False
Is 14 a factor of 50975?
False
Is 696098 a multiple of 175?
False
Is 22 a factor of 7192812?
True
Is 34 a factor of 147696?
True
Is 93378 a multiple of 79?
True
Is 1065015 a multiple of 115?
True
Is 455 a factor of 478714?
False
Does 13 divide 197080?
True
Does 171 divide 472973?
False
Is 11084768 a multiple of 25?
False
Is 4786768 a multiple of 541?
True
Is 8 a factor of 8240?
True
Is 889139 a multiple of 471?
False
Does 15 divide 128055?
True
Is 160650 a multiple of 102?
True
Does 4 divide 136412?
True
Does 410 divide 544070?
True
Is 387 a factor of 105651?
True
Does 70 divide 539910?
True
Does 308 divide 507612?
False
Is 480258 a multiple of 67?
False
Does 1033 divide 1714189?
False
Is 53 a factor of 3943319?
False
Is 2503638 a multiple of 200?
False
Does 50 divide 163182?
False
Does 256 divide 1936384?
True
Is 16 a factor of 1040784?
True
Is 6850998 a multiple of 14?
True
Is 310666 a multiple of 15?
False
Is 47 a factor of 85914?
False
Is 426 a factor of 7917058?
False
Is 59 a factor of 8034611?
False
Is 31 a factor of 881175?
True
Does 3 divide 1979057?
False
Is 178685 a multiple of 222?
False
Does 38 divide 2505031?
False
Is 1288576 a multiple of 12?
False
Is 208 a factor of 85280?
True
Does 15 divide 51885?
True
Does 6 divide 5360?
False
Is 34 a factor of 151300?
True
Does 86 divide 121402?
False
Is 50 a factor of 48142?
False
Does 73 divide 487476?
False
Is 109 a factor of 3396113?
True
Does 56 divide 146552?
True
Is 551815 a multiple of 395?
True
Is 29360 a multiple of 7?
False
Is 95164 a multiple of 148?
True
Is 386 a factor of 4557888?
True
Is 703321 even?
False
Is 77929 a multiple of 981?
False
Is 127094 a multiple of 146?
False
Is 618885 a multiple of 255?
True
Does 19 divide 296786?
False
Is 706277 a multiple of 9?
False
Is 11006550 a multiple of 225?
True
Is 89414 a multiple of 26?
True
Is 51 a factor of 3515430?
True
Is 18 a factor of 1226826?
True
Is 90 a factor of 481806?
False
Is 6664222 a multiple of 1213?
True
Does 108 divide 158220?
True
Is 186900 a multiple of 46?
False
Is 13 a factor of 35520?
False
Is 722640 a multiple of 24?
True
Is 2600207 a multiple of 1279?
True
Is 85 a factor of 397035?
True
Is 52600 a multiple of 100?
True
Is 25 a factor of 283826?
False
Does 33 divide 46213?
False
Does 86 divide 1774163?
False
Is 780 a factor of 3903220?
False
Is 503 a factor of 9524808?
True
Is 51503 a multiple of 43?
False
Does 10 divide 181620?
True
Is 490822 a multiple of 78?
False
Is 503502 a multiple of 38?
False
Is 475817 a multiple of 355?
False
Is 82305 a multiple of 9?
True
Is 655110 a multiple of 45?
True
Is 4341512 a multiple of 8?
True
Is 279049 even?
False
Is 1924 a multiple of 9?
False
Is 138535 a multiple of 10?
False
Is 22 a factor of 1797180?
True
Does 142 divide 2855762?
True
Is 1732570 a multiple of 10?
True
Is 1454150 a multiple of 50?
True
Is 54097 a multiple of 47?
True
Is 26 a factor of 2037561?
False
Does 28 divide 238980?
True
Is 166034 a multiple of 8?
False
Is 783978 a multiple of 1058?
True
Is 43317 even?
False
Is 119 a factor of 15722530?
False
Is 10 a factor of 20840?
True
Does 44 divide 5060264?
True
Does 12 divide 380900?
False
Is 18 a factor of 599814?
True
Does 116 divide 9947232?
True
Does 14 divide 915271?
False
Is 175 a factor of 22111075?
True
Does 91 divide 9580298?
True
Is 880213 a multiple of 276?
False
Does 14 divide 2165058?
True
Is 2676714 a multiple of 833?
False
Is 18 a factor of 256536?
True
Does 65 divide 320044?
False
Is 7 a factor of 126635?
False
Is 4570032 a multiple of 912?
True
Is 7404320 a multiple of 160?
True
Is 29568 a multiple of 33?
True
Is 46569 a multiple of 361?
True
Does 115 divide 79026?
False
Is 558 a factor of 4378068?
True
Is 52 a factor of 13994604?
True
Does 35 divide 1216057?
False
Does 826 divide 1901452?
True
Does 67 divide 41473?
True
Does 10 divide 9640928?
False
Does 453 divide 122763?
True
Is 78765 a multiple of 2?
False
Is 522 a factor of 422867?
F